Dec 01 03:04:18.951 INFO testing sebasgarcep/MonoSLAM against master#8940af3cea4a9a9deabcaf843b2f8cad9a83fc61 for beta-1.31-5
Dec 01 03:04:18.951 INFO running `"docker" "create" "-v" "/mnt/big/crater/work/local/target-dirs/beta-1.31-5/worker-4/master#8940af3cea4a9a9deabcaf843b2f8cad9a83fc61:/target:rw,Z" "-v" "/mnt/big/crater/work/local/test-source/worker-4/beta-1.31-5/master#8940af3cea4a9a9deabcaf843b2f8cad9a83fc61:/source:ro,Z" "-v" "/mnt/big/crater/work/local/cargo-home:/cargo-home:ro,Z" "-v" "/mnt/big/crater/work/local/rustup-home:/rustup-home:ro,Z" "-e" "USER_ID=1000" "-e" "SOURCE_DIR=/source" "-e" "USER_ID=1000" "-e" "CMD=cargo +8940af3cea4a9a9deabcaf843b2f8cad9a83fc61-alt build --frozen" "-e" "CARGO_TARGET_DIR=/target" "-e" "CARGO_INCREMENTAL=0" "-e" "RUST_BACKTRACE=full" "-e" "RUSTFLAGS=--cap-lints=warn" "-e" "CARGO_HOME=/cargo-home" "-e" "RUSTUP_HOME=/rustup-home" "-m" "1536M" "--network" "none" "crater"`
Dec 01 03:04:19.473 INFO [stdout] 81286ac60b2fc8cba1791c4de1252f2fd6b813584048c12a9115cf2551e8ce41
Dec 01 03:04:19.477 INFO running `"docker" "start" "-a" "81286ac60b2fc8cba1791c4de1252f2fd6b813584048c12a9115cf2551e8ce41"`
Dec 01 03:04:21.085 INFO [stderr] usermod: no changes
Dec 01 03:04:21.539 INFO [stderr]    Compiling bindgen v0.37.4
Dec 01 03:04:21.540 INFO [stderr]    Compiling peeking_take_while v0.1.2
Dec 01 03:04:21.565 INFO [stderr]    Compiling matrixmultiply v0.1.14
Dec 01 03:04:21.565 INFO [stderr]    Compiling num-complex v0.2.0
Dec 01 03:04:21.567 INFO [stderr]    Compiling rawpointer v0.1.0
Dec 01 03:04:21.567 INFO [stderr]    Compiling ndarray v0.12.0
Dec 01 03:04:21.571 INFO [stderr]    Compiling openblas-src v0.6.0
Dec 01 03:04:21.572 INFO [stderr]    Compiling blas-src v0.2.1
Dec 01 03:04:22.207 INFO [stderr]    Compiling mono_slam v0.1.0 (/source)
Dec 01 03:04:22.235 INFO [stderr]    Compiling libloading v0.5.0
Dec 01 03:04:23.027 INFO [stderr]    Compiling proc-macro2 v0.3.5
Dec 01 03:04:24.491 INFO [stderr]    Compiling which v1.0.5
Dec 01 03:04:27.063 INFO [stderr]    Compiling cblas-sys v0.1.4
Dec 01 03:04:27.067 INFO [stderr]    Compiling lapacke-sys v0.1.4
Dec 01 03:04:27.191 INFO [stderr]    Compiling clang-sys v0.23.0
Dec 01 03:04:27.638 INFO [stderr]    Compiling itertools v0.7.8
Dec 01 03:04:29.976 INFO [stderr]    Compiling deflate v0.7.18
Dec 01 03:04:29.981 INFO [stderr]    Compiling stb_truetype v0.2.3
Dec 01 03:04:30.061 INFO [stderr]    Compiling nom v3.2.1
Dec 01 03:04:30.931 INFO [stderr]    Compiling quote v0.5.2
Dec 01 03:04:31.197 INFO [stderr] error: failed to run custom build command for `openblas-src v0.6.0`
Dec 01 03:04:31.197 INFO [stderr] process didn't exit successfully: `/target/debug/build/openblas-src-e98023cb17266cfd/build-script-build` (exit code: 101)
Dec 01 03:04:31.197 INFO [stderr] --- stdout
Dec 01 03:04:31.198 INFO [stderr] Running: `"make" "libs" "netlib" "shared" "BINARY=64" "YES_CBLAS=1" "YES_LAPACKE=1" "-j8"`
Dec 01 03:04:31.198 INFO [stderr] 
Dec 01 03:04:31.198 INFO [stderr] --- stderr
Dec 01 03:04:31.199 INFO [stderr] /usr/bin/ld: cannot open output file getarch: Read-only file system
Dec 01 03:04:31.199 INFO [stderr] collect2: error: ld returned 1 exit status
Dec 01 03:04:31.199 INFO [stderr] make: *** [getarch] Error 1
Dec 01 03:04:31.200 INFO [stderr] Makefile.system:180: Makefile.conf: No such file or directory
Dec 01 03:04:31.200 INFO [stderr] Makefile.system:1001: Makefile.: No such file or directory
Dec 01 03:04:31.200 INFO [stderr] make: *** No rule to make target 'Makefile.'.  Stop.
Dec 01 03:04:31.201 INFO [stderr] thread 'main' panicked at 'Failed: `"make" "libs" "netlib" "shared" "BINARY=64" "YES_CBLAS=1" "YES_LAPACKE=1" "-j8"` (exit code: 2)', /cargo-home/registry/src/github.com-1ecc6299db9ec823/openblas-src-0.6.0/build.rs:50:13
Dec 01 03:04:31.201 INFO [stderr] stack backtrace:
Dec 01 03:04:31.201 INFO [stderr]    0:     0x5616fbd7d85f - std::sys::unix::backtrace::tracing::imp::unwind_backtrace::h3a8b83e1922cbdde
Dec 01 03:04:31.202 INFO [stderr]                                at libstd/sys/unix/backtrace/tracing/gcc_s.rs:49
Dec 01 03:04:31.202 INFO [stderr]    1:     0x5616fbd89087 - std::sys_common::backtrace::print::h00d3155a29b4020f
Dec 01 03:04:31.202 INFO [stderr]                                at libstd/sys_common/backtrace.rs:71
Dec 01 03:04:31.204 INFO [stderr]                                at libstd/sys_common/backtrace.rs:59
Dec 01 03:04:31.204 INFO [stderr]    2:     0x5616fbd81e2f - std::panicking::default_hook::{{closure}}::hd7465c742e79e1bb
Dec 01 03:04:31.205 INFO [stderr]                                at libstd/panicking.rs:211
Dec 01 03:04:31.205 INFO [stderr]    3:     0x5616fbd81b94 - std::panicking::default_hook::h9e3966f2aa2a6e12
Dec 01 03:04:31.205 INFO [stderr]                                at libstd/panicking.rs:227
Dec 01 03:04:31.206 INFO [stderr]    4:     0x5616fbd8245e - std::panicking::rust_panic_with_hook::h587f091ae747d080
Dec 01 03:04:31.206 INFO [stderr]                                at libstd/panicking.rs:476
Dec 01 03:04:31.206 INFO [stderr]    5:     0x5616fbd82001 - std::panicking::continue_panic_fmt::hb3a4fdede87f43a8
Dec 01 03:04:31.207 INFO [stderr]                                at libstd/panicking.rs:390
Dec 01 03:04:31.207 INFO [stderr]    6:     0x5616fbd81f4e - std::panicking::begin_panic_fmt::h387afc7da9a10555
Dec 01 03:04:31.207 INFO [stderr]                                at libstd/panicking.rs:345
Dec 01 03:04:31.208 INFO [stderr]    7:     0x5616fbd6c0f3 - build_script_build::run::h61f9fa3f501d0017
Dec 01 03:04:31.208 INFO [stderr]                                at /cargo-home/registry/src/github.com-1ecc6299db9ec823/openblas-src-0.6.0/build.rs:50
Dec 01 03:04:31.208 INFO [stderr]    8:     0x5616fbd6b84f - build_script_build::main::haab577da05bf12c3
Dec 01 03:04:31.208 INFO [stderr]                                at /cargo-home/registry/src/github.com-1ecc6299db9ec823/openblas-src-0.6.0/build.rs:22
Dec 01 03:04:31.209 INFO [stderr]    9:     0x5616fbd66bef - std::rt::lang_start::{{closure}}::had21df4e165e274d
Dec 01 03:04:31.209 INFO [stderr]                                at libstd/rt.rs:74
Dec 01 03:04:31.209 INFO [stderr]   10:     0x5616fbd81ed2 - std::panicking::try::do_call::h52e7f80ff0fdcc45
Dec 01 03:04:31.210 INFO [stderr]                                at libstd/rt.rs:59
Dec 01 03:04:31.210 INFO [stderr]                                at libstd/panicking.rs:310
Dec 01 03:04:31.210 INFO [stderr]   11:     0x5616fbd94039 - __rust_maybe_catch_panic
Dec 01 03:04:31.215 INFO [stderr]                                at libpanic_unwind/lib.rs:102
Dec 01 03:04:31.215 INFO [stderr]   12:     0x5616fbd72c9a - std::rt::lang_start_internal::h38cae898de7f805c
Dec 01 03:04:31.216 INFO [stderr]                                at libstd/panicking.rs:289
Dec 01 03:04:31.216 INFO [stderr]                                at libstd/panic.rs:392
Dec 01 03:04:31.216 INFO [stderr]                                at libstd/rt.rs:58
Dec 01 03:04:31.216 INFO [stderr]   13:     0x5616fbd66bc8 - std::rt::lang_start::h490d3574f05af1ad
Dec 01 03:04:31.217 INFO [stderr]                                at libstd/rt.rs:74
Dec 01 03:04:31.217 INFO [stderr]   14:     0x5616fbd6c279 - main
Dec 01 03:04:31.217 INFO [stderr]   15:     0x7fe6c132d82f - __libc_start_main
Dec 01 03:04:31.218 INFO [stderr]   16:     0x5616fbd63818 - _start
Dec 01 03:04:31.218 INFO [stderr]   17:                0x0 - <unknown>
Dec 01 03:04:31.218 INFO [stderr] 
Dec 01 03:04:31.219 INFO [stderr] warning: build failed, waiting for other jobs to finish...
Dec 01 03:04:39.513 INFO [stderr] error: build failed
Dec 01 03:04:39.514 INFO [stderr] su: No module specific data is present
Dec 01 03:04:40.241 INFO running `"docker" "inspect" "81286ac60b2fc8cba1791c4de1252f2fd6b813584048c12a9115cf2551e8ce41"`
Dec 01 03:04:40.647 INFO running `"docker" "rm" "-f" "81286ac60b2fc8cba1791c4de1252f2fd6b813584048c12a9115cf2551e8ce41"`
Dec 01 03:04:40.900 INFO [stdout] 81286ac60b2fc8cba1791c4de1252f2fd6b813584048c12a9115cf2551e8ce41
